se 9) to base 14.
-13
What is -1123 (base 5) in base 4?
-2203
What is -3 (base 6) in base 2?
-11
Convert 100 (base 2) to base 5.
4
What is -324 (base 8) in base 7?
-422
Convert -131 (base 10) to base 2.
-10000011
What is -7 (base 13) in base 8?
-7
3d (base 14) to base 10
55
What is 1 (base 2) in base 6?
1
What is 19 (base 13) in base 12?
1a
What is 4 (base 13) in base 8?
4
Convert -3 (base 14) to base 11.
-3
Convert 4 (base 11) to base 9.
4
What is -2 (base 11) in base 3?
-2
15 (base 10) to base 5
30
Convert -2 (base 9) to base 13.
-2
Convert 11 (base 16) to base 12.
15
Convert 55 (base 12) to base 3.
2102
What is b0 (base 13) in base 9?
168
What is -2 (base 14) in base 9?
-2
Convert c (base 13) to base 16.
c
Convert -12 (base 3) to base 8.
-5
What is 4 (base 7) in base 2?
100
Convert -10 (base 12) to base 15.
-c
Convert 16 (base 12) to base 5.
33
1 (base 16) to base 6
1
Convert 4 (base 14) to base 16.
4
48 (base 16) to base 6
200
What is 131 (base 6) in base 3?
2001
Convert -21 (base 11) to base 15.
-18
What is 112 (base 3) in base 5?
24
Convert -17 (base 16) to base 9.
-25
What is -18f (base 16) in base 13?
-249
1 (base 2) to base 12
1
Convert 39 (base 15) to base 11.
4a
-3 (base 5) to base 9
-3
What is -233 (base 12) in base 7?
-645
What is 31 (base 6) in base 16?
13
What is 101 (base 3) in base 6?
14
Convert 9 (base 12) to base 8.
11
What is 10 (base 16) in base 6?
24
What is 2 (base 15) in base 9?
2
Convert 159 (base 11) to base 2.
10111001
Convert 2 (base 13) to base 16.
2
53 (base 7) to base 2
100110
What is 2c (base 14) in base 10?
40
-1 (base 3) to base 14
-1
-1 (base 2) to base 6
-1
What is -2 (base 10) in base 11?
-2
Convert 104 (base 6) to base 3.
1111
Convert 12 (base 8) to base 6.
14
-100 (base 2) to base 13
-4
Convert -303 (base 6) to base 8.
-157
Convert 110 (base 4) to base 3.
202
What is 93 (base 11) in base 12?
86
1 (base 10) to base 12
1
What is 0 (base 11) in base 12?
0
What is 104 (base 14) in base 3?
21102
Convert -100 (base 4) to base 8.
-20
Convert 4 (base 6) to base 14.
4
What is -12 (base 5) in base 16?
-7
-1a4 (base 12) to base 7
-532
What is 28 (base 13) in base 5?
114
-111 (base 2) to base 7
-10
Convert -4 (base 8) to base 3.
-11
-c (base 16) to base 14
-c
What is -155 (base 6) in base 12?
-5b
Convert -37 (base 14) to base 16.
-31
Convert -6 (base 16) to base 8.
-6
What is 1 (base 11) in base 2?
1
-121 (base 6) to base 4
-301
What is 48 (base 12) in base 6?
132
2200 (base 3) to base 8
110
What is -b (base 13) in base 12?
-b
-13 (base 14) to base 11
-16
What is 22 (base 12) in base 15?
1b
What is -3 (base 13) in base 12?
-3
What is 137 (base 8) in base 6?
235
-3100 (base 4) to base 2
-11010000
What is -1001 (base 2) in base 10?
-9
What is 100 (base 2) in base 14?
4
Convert 101210 (base 3) to base 4.
10203
Convert 34 (base 5) to base 4.
103
10 (base 3) to base 16
3
-7 (base 14) to base 4
-13
Convert 0 (base 10) to base 15.
0
18 (base 9) to base 4
101
Convert -10110 (base 2) to base 13.
-19
-53 (base 10) to base 5
-203
What is 26 (base 13) in base 7?
44
-10 (base 12) to base 8
-14
-d (base 15) to base 7
-16
Convert -3 (base 12) to base 14.
-3
-4 (base 6) to base 12
-4
Convert -3 (base 13) to base 5.
-3
What is 12 (base 10) in base 13?
c
What is -425 (base 6) in base 4?
-2201
What is 2 (base 12) in base 8?
2
3 (base 15) to base 3
10
What is 49 (base 10) in base 16?
31
Convert 49 (base 13) to base 16.
3d
Convert -20 (base 15) to base 13.
-24
Convert -29 (base 14) to base 15.
-27
Convert 264 (base 11) to base 13.
1b0
-3 (base 7) to base 11
-3
-70 (base 11) to base 16
-4d
What is 10 (base 3) in base 14?
3
Convert 1 (base 16) to base 13.
1
-11001 (base 2) to base 7
-34
What is 25 (base 7) in base 2?
10011
Convert -3 (base 10) to base 12.
-3
What is -211 (base 5) in base 15?
-3b
What is 2 (base 16) in base 8?
2
Convert 1540 (base 6) to base 8.
644
-11 (base 4) to base 15
-5
Convert -11 (base 5) to base 3.
-20
Convert -57 (base 8) to base 11.
-43
What is -1230 (base 4) in base 7?
-213
Convert 5 (base 6) to base 4.
11
What is -120 (base 4) in base 9?
-26
What is 2 (base 11) in base 16?
2
46 (base 8) to base 14
2a
-2220 (base 3) to base 5
-303
-4b (base 15) to base 7
-131
Convert 5 (base 10) to base 8.
5
-22 (base 11) to base 13
-1b
What is 1 (base 14) in base 11?
1
Convert 1 (base 14) to base 4.
1
1 (base 12) to base 3
1
What is 1011 (base 2) in base 3?
102
What is -4 (base 10) in base 14?
-4
Convert 2 (base 8) to base 13.
2
18 (base 14) to base 11
20
-1b (base 12) to base 2
-10111
What is 2 (base 15) in base 11?
2
Convert -66 (base 16) to base 6.
-250
Convert 140 (base 5) to base 9.
50
Convert c (base 15) to base 11.
11
Convert 6 (base 10) to base 15.
6
Convert 1 (base 7) to base 15.
1
What is -330 (base 4) in base 14?
-44
What is -2 (base 7) in base 8?
-2
-3 (base 8) to base 13
-3
What is -100100 (base 2) in base 8?
-44
-4 (base 11) to base 7
-4
1200 (base 3) to base 5
140
What is 1 (base 16) in base 2?
1
What is -10 (base 2) in base 12?
-2
Convert 18 (base 14) to base 2.
10110
Convert -225 (base 6) to base 12.
-75
10 (base 4) to base 14
4
What is -121 (base 6) in base 10?
-49
Convert -3 (base 12) to base 10.
-3
Convert 10 (base 13) to base 4.
31
Convert 1211 (base 5) to base 11.
155
112 (base 7) to base 16
3a
What is 12012 (base 3) in base 15?
95
What is -1b (base 15) in base 2?
-11010
-49 (base 14) to base 16
-41
-4 (base 11) to base 15
-4
Convert -7 (base 9) to base 7.
-10
28 (base 14) to base 7
51
What is -97 (base 12) in base 2?
-1110011
30 (base 15) to base 14
33
-41 (base 5) to base 9
-23
Convert 19 (base 16) to base 10.
25
What is -11 (base 3) in base 8?
-4
-2323 (base 5) to base 15
-178
What is -52 (base 9) in base 4?
-233
Convert 110 (base 5) to base 16.
1e
100 (base 2) to base 4
10
What is 341 (base 8) in base 12?
169
-83 (base 15) to base 11
-102
What is 2 (base 13) in base 7?
2
-3 (base 7) to base 6
-3
What is -5 (base 12) in base 2?
-101
What is 1b (base 15) in base 11?
24
Convert -1 (base 2) to base 8.
-1
What is -54 (base 15) in base 14?
-59
What is -1 (base 14) in base 7?
-1
What is -33 (base 11) in base 6?
-100
Convert d (base 14) to base 4.
31
What is 1 (base 7) in base 9?
1
Convert 9 (base 15) to base 5.
14
3d (base 16) to base 10
61
10011011 (base 2) to base 15
a5
b (base 13) to base 4
23
Convert -2 (base 12) to base 11.
-2
4 (base 6) to base 12
4
-3 (base 13) to base 12
-3
-32 (base 12) to base 6
-102
20001 (base 3) to base 5
1123
-1 (base 11) to base 7
-1
Convert 121 (base 3) to base 16.
10
Convert 61 (base 8) to base 2.
110001
What is -18 (base 16) in base 15?
-19
Convert -2 (base 16) to base 3.
-2
Convert 2033 (base 5) to base 10.
268
141 (base 5) to base 14
34
What is -2 (base 7) in base 5?
-2
0 (base 3) to base 7
0
What is -176 (base 9) in base 14?
-aa
What is 94 (base 11) in base 7?
205
What is -44 (base 9) in base 6?
-104
Convert 15 (base 6) to base 11.
10
What is 10 (base 8) in base 9?
8
What is 10 (base 9) in base 14?
9
What is -164 (base 9) in base 4?
-2023
What is d (base 16) in base 15?
d
Convert 1 (base 9) to base 6.
1
What is 5 (base 11) in base 15?
5
7a (base 15) to base 11
a5
Convert -232 (base 4) to base 11.
-42
2013 (base 4) to base 13
a5
What is -6 (base 13) in base 5?
-11
Convert 30 (base 10) to base 13.
24
What is 60 (base 16) in base 11?
88
Convert 1342 (base 5) to base 10.
222
Convert 39 (base 14) to base 16.
33
What is 37 (base 16) in base 2?
110111
What is 5 (base 14) in base 13?
5
-20 (base 13) to base 5
-101
Convert -34 (base 14) to base 7.
-64
What is -8e (base 15) in base 8?
-206
Convert 31 (base 10) to base 3.
1011
-132 (base 11) to base 10
-156
What is -6 (base 10) in base 6?
-10
Convert -1 (base 14) to base 3.
-1
-14 (base 8) to base 15
-c
2 (base 5) to base 10
2
Convert 3 (base 16) to base 14.
3
What is -57 (base 10) in base 16?
-39
What is -100 (base 5) in base 6?
-41
Convert -1 (base 16) to base 14.
-1
What is -15d (base 16) in base 5?
-2344
What is 2 (base 9) in base 12?
2
What is 149 (base 11) in base 15?
b9
What is -9 (base 16) in base 8?
-11
-11 (base 4) to base 11
-5
What is -2 (base 7) in base 15?
-2
-16 (base 7) to base 13
-10
Convert b (base 16) to base 3.
102
-54 (base 13) to base 3
-2120
-13 (base 9) to base 6
-20
Convert 1 (base 14) to base 8.
1
Conve